Let o be 2/(-6) - -1*3176/24. Suppose 3*t + o = 3*g, g + 3*g = -t + 181. What is the remainder when g is divided by 15?
0
Suppose -4*o + 2*n = -220, -o - 4*n + n + 41 = 0. What is the remainder when 209 is divided by o?
50
Let m = 221 + -209. Calculate the remainder when 59 is divided by m.
11
Let c = -88 + 354. What is the remainder when c is divided by 32?
10
Suppose 550 = -192*p + 197*p. Let u = 25 + -11. Calculate the remainder when p is divided by u.
12
Suppose -3*d - 120 = -d. Let r = d + 0. What is the remainder when 59 is divided by 61/4 - (-15)/r?
14
Let m be (-2)/(-10) + 1752/40. Let h = m - 37. Let y = h - 0. What is the remainder when 11 is divided by y?
4
Suppose 2*j + 2*m = 6*m + 150, -2*j + 3*m = -146. What is the remainder when j is divided by 34?
33
Suppose -3*u + 1 = 2*l - 4*u, -5*l = -3*u. Suppose 57 + 42 = 3*c + l*z, -66 = -2*c - 5*z. What is the remainder when 96 is divided by c?
30
Let x(l) = 16*l + 92. What is the remainder when 273 is divided by x(-5)?
9
Suppose 0 = 3*n - 5*n + 252. What is the remainder when 22/(-3)*n/(-12) is divided by 24?
5
Let c be (-2)/1 + (-3)/2*-4. Suppose -c = 4*b - 44. What is the remainder when 28 is divided by b?
8
Let l(d) be the first derivative of -11*d**2/2 - 5*d + 35. Let g = -28 + 48. What is the remainder when g is divided by l(-1)?
2
Suppose 3*b + s + 5 = 0, 4 = -b + 8*s - 6*s. Let u(y) = -5*y**3 - 2*y**2 + 2. What is the remainder when 50 is divided by u(b)?
16
Suppose -13*j = -11*j - 44. Suppose -j = -4*k + 70. Suppose 2*v = -3*q + 25, -12 = -5*v + 4*q + 16. Calculate the remainder when k is divided by v.
7
What is the remainder when 17 is divided by ((5 - 1) + -6)*-7?
3
Let f be 24/(-42) - 36/(-14). Suppose 128 + 120 = f*o. Suppose -2*i - 5*y + 62 = 0, -4*i + 0*y = 2*y - o. Calculate the remainder when i is divided by 8.
7
Let g = 368 + -354. What is the remainder when g is divided by 8?
6
Let h = -554 - -564. Calculate the remainder when 27 is divided by h.
7
Let n(y) = 3*y + 62. Let p be n(-19). Suppose 3*v = -3*f + 63, v = 5*f + 2 - p. Calculate the remainder when v is divided by 12.
5
Suppose -7525 = -20*p - 23*p. Calculate the remainder when p is divided by 44.
43
Let q = -29 - -31. Suppose -4*d = -0*d - 16, d = q*l + 72. What is the remainder when 2 - (3/1 + l) is divided by 9?
6
Let d = -56 + 41. Calculate the remainder when 23*5*(-12)/d is divided by 12.
8
Let d = -27 - -47. Suppose 4*c = 2*c + d. Let s = 7 + c. Calculate the remainder when s is divided by 10.
7
Let x(w) = w + 4. Let i be x(-7). Let n = 7 - i. Calculate the remainder when n is divided by 8.
2
Let f be -1*32*4/8. Suppose 2*k - 3*z = k - 30, 0 = 4*k + 3*z + 75. Let v = f - k. Calculate the remainder when 6 is divided by v.
1
Suppose 3*q - 4*n - 260 = 0, 36*n = 3*q + 37*n - 250. Calculate the remainder when q is divided by 32.
20
Suppose 4*y - 100 = 4*g, 3 = 2*g - 5*g. Calculate the remainder when y is divided by 5.
4
Suppose -4*y = -9*y - 5, 7*y + 99 = 4*w. Calculate the remainder when 153 is divided by w.
15
Suppose -8*h + 68 = -3*h - s, -4*s + 40 = 4*h. Let g(p) = 5*p**3 - p**2 + 3*p - 2. What is the remainder when ((-1)/((-1)/h))/1 is divided by g(1)?
3
Let p(w) = w**3 + 56*w**2 + 53*w - 95. Calculate the remainder when 105 is divided by p(-55).
0
Let g(f) = 1. Let k(t) = -t**2 + 23*t - 1. Let a(o) = -6*g(o) + k(o). Let x(y) = 8*y + 3. Calculate the remainder when x(5) is divided by a(22).
13
Suppose c - 84 = 3*u, c + 3*u = -17 + 113. Calculate the remainder when c is divided by 24.
18
Let x(d) = d**3 - 10*d**2 - 8*d - 11. Let i be x(10). Let c = -44 - i. Let t = 22 - 10. What is the remainder when c is divided by t?
11
Suppose -32*o = -25*o - 14. Suppose -62 = -3*a + o*g, -7*g + 73 = 2*a - 2*g. What is the remainder when 69 is divided by a?
21
Let a be (-10)/16 + (-3)/8. Let j(z) = -11*z**3 + 2*z**2 - 1. What is the remainder when (90/8)/(5/20) is divided by j(a)?
9
What is the remainder when ((-11)/(-3))/(5/90) is divided by 26?
14
Let v = 20 - 6. Suppose -o = -53 + 81. Calculate the remainder when 275/7 + 8/o is divided by v.
11
Suppose -4*u = -7*u + 6. Calculate the remainder when (u/7)/((-1)/(-7)) is divided by 1.
0
Let z(v) be the third derivative of -v**6/120 - 7*v**5/60 + 5*v**3/6 - 6*v**2. What is the remainder when 9 is divided by z(-7)?
4
Let q(w) = w**3 + w**2 + 2*w + 115. Let p be 36/(-60) + 2*3/10. What is the remainder when q(p) is divided by 58?
57
Let u(r) = -r**3 + 10*r**2 - 5*r - 9. Let q be u(7). Suppose 2*k - 5*o = 18, -k - 2*o = 4*k - q. Calculate the remainder when 72 is divided by k.
15
Suppose 8*q - 14 = 10. Let u(b) = 5*b**2 + 2*b**2 - 3*b**2 + 3*b + b**3 + 3. What is the remainder when q is divided by u(-3)?
0
Suppose -27*p - 93 = -12459. Calculate the remainder when p is divided by 46.
44
Let m = 21 - 14. Calculate the remainder when ((-39)/(-156))/((-1)/(-52)) is divided by m.
6
Let y be (-30)/(-26) - 10/65. Suppose -3*c + 0*c - y = -2*f, -c + 5 = 2*f. Suppose f*s - 59 - 3 = 0. Calculate the remainder when 90 is divided by s.
28
Suppose -4*z + 192 = b, 0*z + 5*b - 192 = -4*z. Suppose 4*j = 3*g - 22 - 9, -4*g + 78 = 2*j. What is the remainder when z is divided by g?
14
Suppose -m + 32*h = 27*h - 87, -3*m = 4*h - 299. What is the remainder when m is divided by 6?
1
Suppose -32 = 3095*a - 3096*a. What is the remainder when 444 is divided by a?
28
Let s be 2/(-5) - 1568/80. Let x(g) = 20*g + 6. Let t be x(-4). Let r = s - t. What is the remainder when r is divided by 14?
12
Suppose -508 = -21*u + 374. Calculate the remainder when 1342 is divided by u.
40
Let g = 1654 - 1520. What is the remainder when g is divided by 82?
52
Let m = 845 - 803. What is the remainder when 184 is divided by m?
16
Let p be 9/(-6) + (-459)/6. Let t = 112 + p. Calculate the remainder when t is divided by 7.
6
Let s = -160 + 176. What is the remainder when 79 is divided by s?
15
Let s(n) = -n**2 - 46*n - 144. Calculate the remainder when 127 is divided by s(-42).
7
Let p = -186 - -211. Suppose 0 = 5*o - 2*t - t - 6, -3*o + t + 6 = 0. Calculate the remainder when p is divided by o.
1
Suppose -4*o - 9 - 3 = 0. Let b be 3*((-2)/o - 2). What is the remainder when ((-2)/3)/(b/18) is divided by 2?
1
Suppose 0 = -2*s + 23*l - 20*l + 36, -5*s = l - 124. What is the remainder when 300 is divided by s?
12
Let b be 20/30 + (-28)/(-3). What is the remainder when 9 is divided by ((-4)/b)/(14/(-140))?
1
Let i = -46 - -47. Suppose -b + 6 = b. Suppose b*o = 2*o + i. Calculate the remainder when 3 is divided by o.
0
Suppose -z + 2*t = -2*t + 12, 3*z + 3*t = 24. Suppose -3*o = -3*j - 0*o + 75, -118 = -z*j - 5*o. What is the remainder when 105 is divided by j?
24
What is the remainder when (5 - (-6 - -9))/((-2)/(-121)) is divided by (1 - 35/4)*-4?
28
Suppose 13*o + 346 = 15*o. Calculate the remainder when o is divided by 20.
13
Suppose 9*t = 17 - 17. What is the remainder when 381/6*-1*(-2 + t) is divided by 32?
31
Suppose 0 = 3*u - 4*x - 114 - 461, 0 = -2*u - 2*x + 402. Let b = u + -78. Calculate the remainder when b is divided by 61.
58
Let g(v) = -v**3 + 9*v**2 + 14*v - 11. Suppose -22*b - 10 = -23*b. Let m(z) = -2*z. What is the remainder when g(b) is divided by m(-4)?
5
Let q(w) = w**3 - 2*w**2 - 1. What is the remainder when (0 - 115/10)*-8 is divided by q(4)?
30
Let r be 21/7 - (1 - 47). Suppose s + 2*y = 26, -3*s + 122 = 5*y + r. Let t(m) = 2*m**3 + 2*m**2 - 3*m. Calculate the remainder when t(3) is divided by s.
15
Suppose -3*q + 3*p + 452 = -25, -5*p - 10 = 0. What is the remainder when q is divided by 83?
74
Let v = -11 + 16. Let g(b) = -b**3 + 6*b**2 + b - 4. Suppose -4*u = -10 - 26. Calculate the remainder when g(v) is divided by u.
8
Let p(k) = 10*k**2 + k + 1. Let n(w) = w - 29. Let x be n(9). Let q be 5/x - (-3)/(-4). What is the remainder when 29 is divided by p(q)?
9
Let y(s) = s**2 + 10*s + 30. Let t be y(-7). What is the remainder when 44 is divided by 2/t*3*(-2 - -26)?
12
Let u(p) = p**3 + 7*p**2 - 4*p + 36. Let t(g) = -g + 4. Let o be t(6). What is the remainder when u(-7) is divided by 13*o*(-3)/6?
12
Let l be (1 + 3 + -3)*(1 - 10). Let y = 20 - 4. Calculate the remainder when 1 + -3 - l/((-18)/(-128)) is divided by y.
14
Let a be 5 + (-21 + -3)/(-4). Suppose 5*k = 25 - 5. Let j = a + k. What is 